{"id":2,"date":"2024-12-28T17:52:47","date_gmt":"2024-12-28T16:52:47","guid":{"rendered":"http:\/\/jolivetsandy.com\/?page_id=2"},"modified":"2025-06-02T22:09:30","modified_gmt":"2025-06-02T20:09:30","slug":"page-d-exemple","status":"publish","type":"page","link":"https:\/\/jolivetsandy.com\/","title":{"rendered":"Bienvenue"},"content":{"rendered":"\n<div class=\"wp-block-media-text is-stacked-on-mobile is-vertically-aligned-center is-style-rounded\" style=\"grid-template-columns:37% auto\"><figure class=\"wp-block-media-text__media\"><img loading=\"lazy\" decoding=\"async\" width=\"352\" height=\"344\" src=\"https:\/\/jolivetsandy.com\/wp-content\/uploads\/2025\/01\/enfant-sur-scene-joyeux.jpg\" alt=\"\" class=\"wp-image-68 size-full\" srcset=\"https:\/\/jolivetsandy.com\/wp-content\/uploads\/2025\/01\/enfant-sur-scene-joyeux.jpg 352w, https:\/\/jolivetsandy.com\/wp-content\/uploads\/2025\/01\/enfant-sur-scene-joyeux-300x293.jpg 300w\" sizes=\"auto, (max-width: 352px) 100vw, 352px\" \/><\/figure><div class=\"wp-block-media-text__content\">\n<p class=\"has-primary-color has-text-color has-link-color has-extra-large-font-size wp-elements-e6a2eca16be79cae75491e685ce83b64\"><strong>Bonjour<\/strong><\/p>\n\n\n\n<p>Professionnelle de l&#8217;enfance depuis plus de 20 ans, je vous propose mes services d&#8217;animations artistiques et culturelles. Vous trouverez sur ce site toutes les informations concernant les animations que je propose pour les enfants de 1 mois \u00e0 14 ans.<\/p>\n\n\n\n<p>Je vous invite \u00e0 consulter mon <a href=\"https:\/\/heyzine.com\/flip-book\/5f01aab36a.html\" target=\"_blank\" rel=\"noreferrer noopener\">catalogue<\/a> pour la rentr\u00e9e 2025<\/p>\n\n\n\n<p>J&#8217;interviens dans les structures suivantes accueillant des enfants :<\/p>\n\n\n\n<p style=\"font-style:normal;font-weight:600\">Cr\u00e8ches<\/p>\n\n\n\n<p style=\"font-style:normal;font-weight:600\">Multi-accueil<\/p>\n\n\n\n<p style=\"font-style:normal;font-weight:600\">Centres de loisirs<\/p>\n\n\n\n<p style=\"font-style:normal;font-weight:600\">\u00c9coles \/ Coll\u00e8ges<\/p>\n\n\n\n<p style=\"font-style:normal;font-weight:600\">M\u00e9diath\u00e8ques<\/p>\n\n\n\n<p>&#8230;<\/p>\n\n\n\n<p><\/p>\n<\/div><\/div>\n\n\n\n<p><\/p>\n","protected":false},"excerpt":{"rendered":"<p>Bonjour Professionnelle de l&#8217;enfance depuis plus de 20 ans, je vous propose mes services d&#8217;animations artistiques et culturelles. Vous trouverez sur ce site toutes les informations concernant les animations que je propose pour les enfants de 1 mois \u00e0 14 ans. Je vous invite \u00e0 consulter mon catalogue pour la rentr\u00e9e 2025 J&#8217;interviens dans les [&hellip;]<\/p>\n","protected":false},"author":1,"featured_media":0,"parent":0,"menu_order":0,"comment_status":"closed","ping_status":"open","template":"","meta":{"footnotes":""},"class_list":["post-2","page","type-page","status-publish","hentry"],"_links":{"self":[{"href":"https:\/\/jolivetsandy.com\/index.php\/wp-json\/wp\/v2\/pages\/2","targetHints":{"allow":["GET"]}}],"collection":[{"href":"https:\/\/jolivetsandy.com\/index.php\/wp-json\/wp\/v2\/pages"}],"about":[{"href":"https:\/\/jolivetsandy.com\/index.php\/wp-json\/wp\/v2\/types\/page"}],"author":[{"embeddable":true,"href":"https:\/\/jolivetsandy.com\/index.php\/wp-json\/wp\/v2\/users\/1"}],"replies":[{"embeddable":true,"href":"https:\/\/jolivetsandy.com\/index.php\/wp-json\/wp\/v2\/comments?post=2"}],"version-history":[{"count":23,"href":"https:\/\/jolivetsandy.com\/index.php\/wp-json\/wp\/v2\/pages\/2\/revisions"}],"predecessor-version":[{"id":241,"href":"https:\/\/jolivetsandy.com\/index.php\/wp-json\/wp\/v2\/pages\/2\/revisions\/241"}],"wp:attachment":[{"href":"https:\/\/jolivetsandy.com\/index.php\/wp-json\/wp\/v2\/media?parent=2"}],"curies":[{"name":"wp","href":"https:\/\/api.w.org\/{rel}","templated":true}]}}